 -1).
-5
5 - (7 - (0 - 0))
-2
What is the value of 22 + -20 - (-1 + 1)?
2
What is 1 + -1 - -4 - (9 + -10)?
5
Evaluate (-24 - -23) + (5 - -1).
5
Evaluate 9 + -20 + (10 - -5).
4
What is the value of -5 + 3 + 7 - 3?
2
Evaluate (-7 - 2) + 17 - (1 + 1).
6
Evaluate 2 - ((-13 - -16) + 1 + 3).
-5
What is 3 - (6 - 9) - 6?
0
What is the value of 0 + 7 - (-9 - (-7 - 7))?
2
What is the value of 0 - -1 - (3 + 3)?
-5
Calculate (3 - 2) + 3 + (-45 - -44).
3
Calculate 0 - (-19 + 19 - (4 - 1)).
3
Calculate -1 + -6 - (-9 + (-6 - -5)).
3
What is the value of (-4 - (3 + -2 + -4)) + -4?
-5
What is (11 - 0 - 7) + 0 + 0?
4
-7 - (10 + (2 - 15))
-4
What is (-5 + 10 - (-1 - -2)) + 0?
4
-4 - (-5 + 1) - (6 + -10)
4
Calculate 2 + -9 + -12 + (-12 - -36).
5
What is the value of -10 + 3 + 4 + -3 - -4?
-2
Calculate 1 + (-1 - (0 - 3)).
3
What is the value of (-9 - (-26 - -9)) + -6?
2
-1 + 0 - -1 - (60 + -56)
-4
What is the value of (-4 - -1) + (19 - 13)?
3
What is the value of 3 + (4 - 4 - 4)?
-1
What is 5 + -5 - (2 + 12 + -8)?
-6
What is the value of -4 - (1 - (10 - 3))?
2
What is 0 + 6 + (-4 - (4 + 3))?
-5
What is -4 + -5 + 8 + 2?
1
16 + (-6 - 5) + -5
0
What is -5 - (-7 + -7 - -8)?
1
What is 7 - (0 + -2 - -10) - -1?
0
(0 + -4 - (-14 + 12)) + 1
-1
11 + (-12 - -5) + -7
-3
Evaluate (-6 - -10) + (1 - 8).
-3
(3 - (-5 + 21)) + 8
-5
(-23 - -12) + -3 + (-4 - -7)
-11
What is the value of -9 + 5 + -1 + 1?
-4
What is the value of (1 - (1 - -3 - 1)) + -4?
-6
Calculate 2 - (-44 - -50 - (0 + -3)).
-7
Calculate 2 - 1 - (10 - (-2 + 5)).
-6
What is 3 + -10 + 5 - -2?
0
What is the value of -8 + 19 + -15 + (1 - -1)?
-2
What is -5 + 5 + (6 - (4 - -6))?
-4
Calculate -2 - 2 - (-4 - 4).
4
What is -9 + (4 - -4 - -8)?
7
What is 4 + 3 + -3 + -2?
2
Calculate 43 + -45 - (2 + 0 + 2).
-6
What is the value of 3 + -1 + (-10 - (-9 + -6))?
7
What is 7 - (3 + -1) - (7 + -4)?
2
What is the value of (-3 - -1) + 2 - 0?
0
Calculate 6 + -20 + 7 + 14 + -14.
-7
What is 0 + (-4 - (-1 + 0 - 3))?
0
What is the value of (-4 + 9 - 1) + -2 + -5?
-3
Evaluate (9 + -7 - 3) + 3.
2
Calculate -8 - (3 - (13 - -4)).
6
Calculate -2 + (-1 - 3 - -4).
-2
What is 3 - (-1 + 4 + 0 - -4)?
-4
-2 - (-2 + -4 + 2 + -3)
5
What is the value of 0 + (-1 - (4 + -2)) - 0?
-3
6 + 2 + (0 - 0 - 5)
3
What is -2 + 0 + 2 - (-28 + 30)?
-2
Calculate -1 + 3 - (17 + -16 + 3).
-2
What is the value of (-1 - 3) + 5 + 2?
3
4 + 0 + (125 - 119)
10
What is (-6 - 1) + (-128 - -135)?
0
-9 - (-5 + (4 - (1 + 2)))
-5
Evaluate (-3 - (10 + -11)) + 0 + -1.
-3
Calculate (-2 - (-5 - -7)) + -1 + -1.
-6
Evaluate 10 + 4 + -4 - 1.
9
Evaluate 0 + 2 - (1 + -7 - -10).
-2
-6 + (-3 + 2 - (8 + -11))
-4
Evaluate -7 + (1 - -9) - -3.
6
Calculate 2 - ((-3 - 1) + (4 - -4)).
-2
Calculate -9 - ((-5 - 6) + 3).
-1
What is the value of -9 + 4 + 1 + 9?
5
Calculate 10 - 7 - ((2 - -3) + 6).
-8
-2 + 6 - (4 + (0 - 2))
2
4 - (-5 + (6 - 2) - 0)
5
What is 5 - (8 - -1) - -9?
5
Calculate 65 + -69 - (5 + -1).
-8
What is the value of -4 + (4 + -4 + -1 - -2)?
-3
What is the value of (-3 + 7 + -3 - 4) + 6?
3
What is the value of (-5 - -3) + 0 + -4 - -2?
-4
What is the value of -4 + 1 - (2 + -2)?
-3
Calculate 0 + -7 - (3 - (16 - 10)).
-4
Calculate 22 + -34 - (2 - 7).
-7
What is 1 + 2 + (-2 - -1) + -2?
0
What is -26 + 16 - (-6 + -4)?
0
What is (-7 - -13) + (-2 - (-5 - -2))?
7
Calculate (-5 + (-5 - -3) - 2) + 4.
-5
Evaluate 5 + (-1 - -3) + -2 + 0.
5
-1 - -1 - (-1 - -5)
-4
What is 22 + -27 + (0 - 1)?
-6
Calculate 3 - (6 - (-8 + 10)).
-1
What is the value of -155 + 162 + (-4 - (-1 - -3))?
1
What is 37 + -35 + (-9 - 0)?
-7
Calculate -6 + 6 + -1 - 1.
-2
(-3 - 3) + 8 + 0
2
What is 5 - (-2 + 3 + 4)?
0
Evaluate -12 + 6 + -4 + (1 - -2).
-7
Evaluate -1 - -9 - (-9 + 21 - 2).
-2
Calculate 1 + 1 - ((9 - 1) + -3).
-3
(9 - 18) + 13 + -1
3
What is 1 + -1 - (-8 + 8 + -2)?
2
What is the value of 3 - (4 - 3) - (1 + 4)?
-3
-7 - (-4 - 2) - -1
0
What is -10 + (-8 - -7) + 7?
-4
Calculate (0 - (-3 + 3)) + -3.
-3
What is 2 + -8 - -3 - -3?
0
What is the value of 0 + 3 - (-16 + 17)?
2
(5 - -4) + (-18 - -7)
-2
What is -6 + (-8 + 2 - -8) + 0?
-4
Evaluate 5 + (1 - -4) + -15.
-5
What is (-3 + -8 - -3) + 1 + 2?
-5
Calculate 5 + 0 - (-2 + 3) - 7.
-3
What is the value of 3 + 1 + 2 + -3 + -3?
0
Calculate -5 - (3 + -3 + -4).
-1
Evaluate -8 - -10 - (1 + -3).
4
What is the value of -1 + -2 + -2 + 2 + 6?
3
Evaluate -8 - (3 - (2 + 4)).
-5
What is the value of 3 + -5 + -3 + -1?
-6
Calculate 1 - (14 - 8) - -6.
1
Calculate -1 - (5 + -2) - 2.
-6
What is -7 + (7 - (-6 - 0)) + -6?
0
26 + -23 + (2 - 9) + -2
-6
What is the value of 4 + -2 + (0 - -1 - -1)?
4
Calculate (1 - 1) + 1 + 1 + 2.
4
Evaluate 1 + 0 + 3 + 2 - 5.
1
Evaluate 7 + (-6 - -1 - (-28 + 25)).
5
Calculate 12 + 0 + 0 - (21 - 15).
6
11 + -7 - (-1 + 10)
-5
Calculate -7 - (-4 - 2) - -1 - -3.
3
What is 141 + -165 + 16 + -1?
-9
Evaluate -7 - 0 - (-2 - 0).
-5
Calculate -1 - (2 - 5 - (3 + -3)).
2
Evaluate (-5 - -5) + 1 + -7 + 8.
2
Calculate 4 + -10 + 5 - -7.
6
What is the value of -5 - (8 - 10 - 2)?
-1
((-7 - -5) + 5 - 6) + 1
-2
Calculate (-1 - -7) + -7 + 1.
0
Evaluate -3 - (0 - -1 - 1) - -1.
-2
What is -2 + (1 - (-2 + -1) - 3)?
-1
Calculate -2 + (-3 - -4 - 4).
-5
What is the value of 7 + 0 + -2 - (-5 + 4)?
6
Calculate -2 + (0 + 3 - 6) + 9.
4
Evaluate (2 - (2 + 5)) + -4 + 5.
-4
What is (8 + -4 - (12 + -3)) + 3?
-2
What is the value of -3 + -1 + (-1 - -2) + -2?
-5
What is the value of 7 - (0 + -1 + (-2 - -5))?
5
1 + -4 + 8 + -8
-3
What is the value of 5 + 0 - (5 + 0)?
0
What is the value of -4 - 1 - (-1 + (-3 - 0))?
-1
Evaluate 2 + 6 + -13 + (-4 - -6).
-3
Evaluate -9 - ((-8 - (-12 + 1)) + -11).
-1
-4 + (-5 - (1 - (6 + -1)))
-5
What is (4 - (7 + (-2 - 3))) + 1?
3
What is the value of (4 - -5 - 5 - 9) + 3?
-2
(7 - (-11 - -11)) + -9
-2
2 + -2 + 3 + 1
4
What is the value of (-16 - -12) + 4 + -4?
-4
-26 - -20 - (-2 + -1 + 1)
-4
What is the value of 5 + (1 + -3 - 2) + -1?
0
Calculate -439 - -441 - (11 - (2 + -1)).
-8
Evaluate (7 - -2) + 15 + -23 - 8.
-7
Evaluate 5 + 1 + (50 - 54).
2
Calculate -2 + (1 - -3) + -7 + 2.
-3
-1 - ((3 - 7) + -2)
5
-11 + -2 + 1 + -5 + 12
-5
Calculate (-9 - -5 - -10) + (-2 - 1).
3
1 - (-3 - -1) - 6
-3
2 - 0 - (6 - -1 - 1)
-4
Calculate -7 - (-5 + 3 + (0 - 0)).
-5
-5 - (10 - 15) - 7
-7
Calculate 0 + 2 + -11 + 12.
3
Evaluate (-8 + -2 - (-14 + 13)) + 4.
-5
What is (4 - 11 - -10) + 2?
5
What is 11 + 0 + (6 - 12)?
5
What is the value of 9 + -7 + (-1 + 1 - 7)?
-5
Evaluate -13 + 13 + -6 - (-2 - 1).
-3
Evaluate -1 + (1 - -6) - (99 - 86).
-7
3 + (-8 - -6) + 1 + 3
5
Evaluate -11 + 11 - (4 + (1 - 0)).
-5
What is the value of 4 + -3 + -2 - 4?
-5
What is (-14 - -4) + -6 + 9?
-7
Evaluate -8 + (0 + 3 + 6 - 2).
-1
What is the value of -1 - (4 - (-4 - -5))?
-4
Calculate (-18 - -20) + -1 + -3.
-2
-1 - 1 - (-2 - 0) - 2
-2
-8 + 9 - (7 + -1)
-5
What is the value of 7 + (-15 + 10 - (0 + 7))?
-5
2 + -1 + (-5 - -18) + -16
-2
Calculate 3 + 6 + -2 - (-5 + 11).
1
Calculate -5 + -3 + -6 + 9.
-5
Evaluate (-3 - (-3 - -8 - 4)) + 3.
-1
Calculate 0 - 5 - -3 - 0.
-2
-1 - 2 - (-3 + 5 - 1)
-4
Evaluate 3 - (-3 + 3) - (4 - -1).
-2
What is (28 - 23) + 5 + -3?
7
What is 102 + -98 - (5 - (2 - 4))?
-3
Evaluate -126 - -128 - (1 + -6 - -2).
5
Calculate 9 + (-5 - -3) + -4 + -3.
0
(6 - 3) + 0 + -3 + 3
3
What is the value of 2 + (-1 - -1) + -4?
-2
Evaluate 12 + -11 + (-7 - (-5 - -2)).
-3
Calculate (-3 + (-3 - -4) - -8) + -1.
5
What is the value of -5 + -4 + 3 - (-32 + 26)?
0
What is -4 - (-3 + 6 + -3)?
-4
What is the value of -1 + -5 + (-3 - -6) + 4?
1
What is the value of (0 - -2 - 0) + -3?
-1
Evaluate -3 + -1 + -1 + 4.
-1
Calculate (2 - (-4 - (-10 + 2))) + -1.
-3
What is the value of 2 + (1 - (0 - 2))?
5
Calculate (7 + -9 - 2) + 2.
-2
What is the value of -9 - -4 - (-52 + 39)?
8
What is -2 - (1 + -1 - (17 - 12))?
3
(-12 - (-6 - -6)) + 7
-5
Calculate (3 + 0 - -1) + -7 + -1.
-4
Evaluate 12 - (0 - (-9 - 3)).
0
Evaluate -9 - -10 - (6 - -1).
-6
47 - 40 - (-1 + 12)
-4
-2 - -3 - 9 - (-35 + 33)
-6
Calculate (4 - ((5 - 0) + -6)) + -3.
2
Evaluate 2 - (1 + -3) - 5.
-1
Calculate (6 - 8) + (4 - 1) - -3.
4
What is 1 + (14 - (-4 + 11))?
8
What is the value of -3 - 1 - (-1 + -5 + 7)?
-5
What is (12 - (9 - 3)) + (-7 - -3)?
2
(-1 - -1) + 5 + 8 + -20
-7
What is 6 - (-2 + (11 - 1))?
-2
What is -4 - (11 - (0 + 10))?
-5
1 + -10 + (-1 + 15 - 13)
-8